
2, 73
Let i = -2 + 0. Let u(x) = 9*x**2 + 23*x + 16. Let g(c) = -14*c**2 - 36*c - 25. Let m(p) = 5*g(p) + 8*u(p). What are the prime factors of m(i)?
3
Let i = -3233 + 4536. Let y = i + -469. What are the prime factors of y/11 - (-8)/44?
2, 19
List the prime factors of (-20839)/458*(-5)/(35/2152).
2, 13, 269
Let u(w) = w**2 + 11*w + 27. Let t be u(-11). Let i = 32 - t. Suppose 3*k = -0*k - i*m + 216, -4*m - 89 = -k. What are the prime factors of k?
7, 11
List the prime factors of (1*(-16)/30*-54)/((-1902)/(-1382120)).
2, 3, 109
Let i(b) = 18*b**2 + 418*b + 31. List the prime factors of i(-61).
3, 101, 137
Let o = 517 + -308. Suppose 10*m + o = 2119. What are the prime factors of m?
191
Let y be 5*((-87)/15)/(-1). Let n = -28 + y. Suppose m = 21 + n. List the prime factors of m.
2, 11
Let p = -5225 + 19601. List the prime factors of p.
2, 3, 599
Let w = -3 - -1. Suppose k + 73 = 124*j - 126*j, -4*j = -k + 137. List the prime factors of (-4)/w - (j/5 + -63).
2, 3
Suppose t + 80 = 5*t. Let f = -42 + t. What are the prime factors of (f*(-1)/8)/(2/104)?
11, 13
Let r = 8267 + -6121. What are the prime factors of r?
2, 29, 37
Suppose -4*h - 70 = 2*q - 100, -1 = -q. Suppose -h*n - 2*n = -7101. List the prime factors of n.
3, 263
Let u = -1593 - -1031. What are the prime factors of -2*(-5)/((-10)/u)?
2, 281
Suppose 15*d - 12*d - 2629 = 4*n, n + 3514 = 4*d. List the prime factors of d.
3, 293
Suppose -6076555 - 4028461 = -251*u + 3463040. List the prime factors of u.
2, 29, 233
Suppose -2371*l + 2285*l + 2824154 = 0. What are the prime factors of l?
32839
Let g = 105 - -99. Suppose -2*u = -168 - g. Suppose -3*d = 2*y - u, 306 = 5*d - 0*d + 2*y. List the prime factors of d.
2, 3, 5
Suppose 4*f - 3 = g - 9, 0 = -2*g + 2*f + 18. Suppose g*j - 6*j - 468 = 0. What are the prime factors of j?
3, 13
Suppose -5*l + 4*d = -16177, -7*l + 11*l - 12952 = -2*d. Let z = l + -2050. What are the prime factors of z?
1187
Suppose -4*o = 5*i - 3813, 0 = 2*i - o - 587 - 946. Suppose 4*h = -1 + i. What are the prime factors of h?
191
Let h = 6 + -6. Let j(c) = c - 2*c**2 - c**3 + 0*c + 4*c**2 + 67 - 3*c**2. What are the prime factors of j(h)?
67
Let l = -25 - -28. Suppose 3*r - 5*x = -191, -5*r - 86 = -l*x + 227. Let w = r + 108. What are the prime factors of w?
2, 23
Let w = 4 + 1. Let j = 1180 - 283. Suppose -j = -w*c + t, -7*c + 3*c + 732 = 4*t. List the prime factors of c.
2, 3, 5
Suppose 24311 = 4*x + a, -5*x + 4*x - 3*a + 6086 = 0. Suppose 4*z + 3*g - 1742 = 3114, 2*g - x = -5*z. What are the prime factors of z?
1217
Suppose 33*d - 25*d - 58576 = 0. List the prime factors of d.
2, 7, 523
Suppose 192*c = 834370 + 657854. List the prime factors of c.
2, 29, 67
Let k(p) = -5065*p**3 - p**2 - p - 1. List the prime factors of k(-1).
2, 3, 211
Let g = 1429 - 155. Let t(j) = -j + 7. Let w be t(2). Suppose 5*y - g = -o, 11*y - 6*y = w*o + 1280. List the prime factors of y.
3, 5, 17
Suppose -21*z = -75682 - 209267. List the prime factors of z.
3, 4523
Let y(j) be the second derivative of -214*j**3/3 - j**2/2 - 3*j. What are the prime factors of y(-1)?
7, 61
Suppose -25*w = -3*n - 29*w + 526, -n + 176 = w. Suppose n*y = 169*y + 7353. List the prime factors of y.
19, 43
Suppose -7*z = -6*z - 4. Suppose -z*h + 1120 = 3*h. Suppose h = 5*a - 80. What are the prime factors of a?
2, 3
Suppose 0 = 24*q - 28*q - 2648. Let p = -240 - q. What are the prime factors of p?
2, 211
Let n(o) be the first derivative of 1755*o**2/2 - 13*o - 51. List the prime factors of n(1).
2, 13, 67
Let a(t) = t**2 - 5*t - 2. Let c be a(0). List the prime factors of (-5)/c*(-3210)/(-25).
3, 107
Let n be 36/8*(-2)/(-3). Suppose 0 = 2*j + 2, 2*j = -n*i - 2*j + 14. Let d(g) = 5*g - 19. What are the prime factors of d(i)?
11
Let u = -3311 - -5812. List the prime factors of u.
41, 61
Let a = -159 - -2324. Suppose -8*g + a + 1187 = 0. List the prime factors of g.
419
Suppose 31 + 11 = -3*p. Let b be (14 + p)/(0 - 1). Suppose b*c - 249 = -3*c. List the prime factors of c.
83
Let t = 587 + 197. Suppose -9*w - t = -16*w. What are the prime factors of w?
2, 7
List the prime factors of (9 - 3615/27)*(-45)/2.
2, 5, 281
Suppose 3*a + 35*a = 261744. What are the prime factors of a?
2, 3, 7, 41
Suppose y + 421*t = 420*t + 3153, 5*y - 15777 = -t. List the prime factors of y.
2, 3, 263
Let w = 89229 - 60492. What are the prime factors of w?
3, 31, 103
Let l(z) = -4*z - 24. Let k be l(-11). Suppose 0 = k*x - 18*x - 764. List the prime factors of x.
2, 191
Let g be (127/(-5) + 6)*-5. Suppose o = -3*l + g + 87, 2*o = 4*l + 378. List the prime factors of o.
11, 17
Let b(p) = 110*p**2 + 281*p + 12. List the prime factors of b(8).
2, 3, 5, 31
Suppose -13*l = 17*l - 28*l - 23436. List the prime factors of l.
2, 3, 7, 31
Let k(t) = -3*t - 24. Let n be k(-8). Suppose -6*l + 5*l + 410 = n. What are the prime factors of l?
2, 5, 41
Suppose -59*q - 691 = -60*q. Let u = 1050 - q. What are the prime factors of u?
359
Let o(s) = 1283*s + 63183. List the prime factors of o(0).
3, 21061
Let c be 2691/(-36)*-4 + -8. Let g = c + -156. What are the prime factors of g?
3, 5
Suppose 0 = -a + n - 7, a + 4*n = -2*a - 28. List the prime factors of 1/(-3)*a*(-41775)/(-100).
2, 557
What are the prime factors of 68/(-1598) - (-63552)/188?
2, 13
Let m = -485 - -1017. Suppose -c = 18*b - 14*b - m, -4*b + 5*c + 532 = 0. List the prime factors of b.
7, 19
What are the prime factors of (-10038)/(-1) + (-546)/(-39)?
2, 7, 359
Let x(r) = r + 4. Let n be x(3). Suppose 5 = -2*g + 15. Suppose 0 = g*b - 5, -n*p + 5*p = -3*b - 37. What are the prime factors of p?
2, 5
Let q = -805 + 912. Let k be ((-4)/(-2) + -2)/(-2). Suppose -t + 1 = k, -2*t = -h - 6*t + q. List the prime factors of h.
103
Let p(x) be the third derivative of x**4/24 - 5*x**3/6 + x**2. Suppose 2*y = o - 1, 3 = -101*y + 102*y. List the prime factors of p(o).
2
Let u(x) = -21*x + 2. Let s = 71 + -74. What are the prime factors of u(s)?
5, 13
Let y = -49914 + 73866. What are the prime factors of y?
2, 3, 499
Suppose 10788 = 10*k - 4*k. Let g be -6*(-1)/8 + k/(-8). Let c = g - -357. What are the prime factors of c?
7, 19
Let l(a) = 17*a**2 - 39*a + 245. List the prime factors of l(6).
7, 89
Suppose r - j = -4*j - 12, -2*j - 8 = -r. Suppose r = -3*i + 6 - 24. What are the prime factors of (30 - -9)/(i/(-10))?
5, 13
Let o = 3685 + -3682. Suppose 0 = 2*x - 5*p - 294 - 153, -903 = -4*x + p. Suppose o*k - x = -2*y, k = -0*k - 3*y + 87. List the prime factors of k.
2, 3
Suppose -3 = m + 3*c, -4*m + 0*m + 3*c + 18 = 0. Suppose -m*s = -4*r + 21, 5*r - 9 = -2*s - 0. What are the prime factors of r/((-3)/(-29*3))?
3, 29
Let t(h) = 18*h**2 - 10*h - 44. Let d be t(-6). List the prime factors of d - (-8)/2*1/2.
2, 3, 37
Let s(c) = -5*c**2 - 88*c + 36. Let y be s(-18). Suppose y = 15*r - 180. What are the prime factors of r?
2, 3
Let k be 1643 + (2 + -1)/(10/40). Suppose -154*n = -163*n + k. What are the prime factors of n?
3, 61
Suppose -12*c - 6*c = -2520. List the prime factors of (1 + 160 + 4)*c/21.
2, 5, 11
Let x(j) = 64*j + 6. Let w be x(7). Let z = w + -173. Suppose 5*o + 3*v = z, 5*o + 4*v = 2*o + 162. What are the prime factors of o?
2, 29
Let g(n) = 2*n**2 - 27*n + 2. Let l = 78 - 58. List the prime factors of g(l).
2, 131
Let w = 12318 - 4873. List the prime factors of w.
5, 1489
Suppose 0*k - 3*k - 5*b + 1766 = 0, 4*b + 8 = 0. Let a = k - 336. List the prime factors of a.
2
Let v(a) = 23*a + 2. Let f be 94 + -5 + 1 + 0. Let w = -85 + f. What are the prime factors of v(w)?
3, 13
Let h(z) = 2*z**2 - 53*z - 37. Let c be h(27). What are the prime factors of 12/c - (-36)/5?
2, 3
Let q = 18088 + -3933. What are the prime factors of q?
5, 19, 149
Let r be (4/1 + -5)*0. Suppose r = 3*q - 4*x - 26181, x - 12403 = 3*q - 38575. List the prime factors of q/165 + (-2)/(-15).
53
Let c = 35 + -27. List the prime factors of 2*c/6*(-3345)/(-10).
2, 223
Let p = 180 + -173. Suppose -p*m - 150 = -4350. List the prime factors of m.
2, 3, 5
Suppose -172 + 16 = -13*w. Suppose -7*g + w*g = 1570. List the prime factors of g.
2, 157
Let c(t) = 2*t**2 + 14*t + 9. Let o be c(-11). Let b = o - 75. Suppose 2*g - b - 146 = 0. What are the prime factors of g?
2, 3, 7
Let h be 28/(-126) - 230/18. Let z(j) = -109*j - 184. List the